ose 7*r = 11*r - 16. Suppose 0*w = -w + 3*a - 2612, w - r*a = -2616. Is 11/((-44)/w) + (-6)/2 composite?
False
Let f(c) = 9*c + 158. Let y be f(-19). Is (-17 - y)*39322/(-8) prime?
True
Let w(o) = -5*o - 2198 + 5*o + 153*o**2 + 2205 + 4*o. Let g = -3 - -1. Is w(g) prime?
False
Suppose -n - 2 + 6 = 0. Suppose 2*o = p - 2 + 1, -2*o + 4*p - n = 0. Suppose -10866 = -6*b - o*b. Is b prime?
True
Let w(n) = -1157*n + 136. Let x(s) = -5*s - 1. Let r(l) = w(l) - x(l). Is r(-7) prime?
False
Let a(f) = -4*f - 5. Suppose 0 = -2*w + 24 + 4. Suppose w = 5*c + 29. Is a(c) composite?
False
Let x(f) be the third derivative of -41*f**4/24 - 19*f**3/3 + 10*f**2. Let t be x(18). Let s = t - -1327. Is s a prime number?
False
Suppose -10 = -5*r, 5*r - 178 = d - 2*d. Is (-6)/4*(-424592)/d a prime number?
False
Let f = -42 - -42. Suppose 5*o - 4*o - 4 = f. Suppose -2*k + 866 = o*q, 3*k - 211 - 658 = -4*q. Is q prime?
False
Let l = -69 + 33. Let t = l + 56. Let z(c) = 29*c - 17. Is z(t) a prime number?
True
Is (39 - 24) + -2 + 453408 composite?
False
Suppose 2*m - 4573050 = -u, 4*m + 3*u = 4*u + 9146088. Is m prime?
True
Suppose -193892 = -3*n + 192199. Is n a composite number?
True
Let o(n) = 3*n - 64. Let r be o(-16). Is (-28154)/r + (-6)/16 a prime number?
True
Is 780870/(-8)*68/(-51) prime?
False
Suppose 183*p - 20197693 = 22496756. Is p a composite number?
True
Let l(k) = -14*k**2 - 8*k - 5. Let b be l(4). Is ((-8)/(-96)*604)/((-3)/b) a prime number?
False
Let l(k) = -3*k**2 + 6*k + 5225. Let r(z) = -2*z**2 + 2*z + 2613. Let c(u) = 4*l(u) - 7*r(u). Is c(0) prime?
True
Suppose -3*i + 9 = -3. Let r be -2*(18/8 + (-1)/i). Is 44/12*(-2)/(r/318) prime?
False
Let o = 112376 - -203581. Is o a composite number?
True
Suppose 0 = -6*n + 1084 + 23378. Let k = n + -622. Is k a prime number?
False
Let t = 315 - 415. Is 40/t - 1947/(-5) prime?
True
Let g(s) = 240*s - 30. Let z be g(4). Let h = -487 + z. Is h prime?
True
Let u = -94848 - -149989. Is u a composite number?
True
Is (-3376180)/(-25) + ((-60)/175)/(4/14) prime?
False
Let d(l) = 1448*l - 3. Is d(19) composite?
False
Let s = 20 - 47. Let u be ((-8)/(-6))/((-12)/s). Suppose 803 = u*i - 634. Is i a composite number?
False
Let c be (-3 - (-6)/3)*-6269. Let p(h) = -137*h - 164. Let m be p(-2). Suppose -3*q - m = -c. Is q composite?
False
Let s = -900 - -1899. Suppose 745 = -4*q + 4*c - s, 0 = 4*c - 12. Let k = q + 2316. Is k a composite number?
True
Let l(h) = -11*h**3 + 6*h**2 - 9*h - 15. Suppose x = -73 - 11. Let a = 78 + x. Is l(a) prime?
False
Suppose 5*i - 5*g = 253385, i = -i + 3*g + 101360. Is i composite?
False
Suppose -4*l - 21 = 19. Let t(q) = 2*q**3 - 13*q**2 - 4*q + 1. Let j(f) = f**3 - 4*f**2 - 2*f + 1. Let x(c) = -5*j(c) + 2*t(c). Is x(l) a prime number?
False
Suppose 2*t = 3*o + 439, 2*t - 369 = 2*o - 73. Let z(q) = 4*q**2 + 5*q + 23. Let d be z(-9). Let i = o + d. Is i a prime number?
False
Let t = 2189061 + -934916. Is t prime?
False
Suppose 42*k - 51*k + 648 = 0. Is 59241/8 + k/(-576) composite?
True
Let z(r) = r**2 + 32*r - 249. Is z(-40) composite?
False
Suppose 0 = -19*f - 44*f + 38612376 - 8787735. Is f a prime number?
False
Suppose -150237 = 73*j - 3497360. Is j a composite number?
True
Suppose -52508*j - 16771086 = -52526*j. Is j prime?
True
Let d = 969 - 1367. Let a be 6/(2*1/524). Let i = a + d. Is i a prime number?
False
Suppose 35*h - 30*h - 20 = 0. Suppose -h*o = 4*y - 2108, y - 503 = 12*o - 7*o. Is y a composite number?
False
Suppose 3*k - j - 214949 = 0, -4*k + 286584 = -j - 4*j. Is k a composite number?
True
Let o(d) = 2*d**2 - d - 4. Let y be o(2). Let w be (3 + y)/1 + (-3)/1. Is w*(-4 + 3) + 124 prime?
False
Suppose 1539 = 5*j + 119. Suppose -a + 299 = -j. Suppose -8*g + a = -305. Is g composite?
True
Suppose 7704 = -47*z + 50*z. Let u be (3169/2)/((-4)/(-8)). Let j = z + u. Is j a prime number?
True
Let r = -144927 - -267928. Is r composite?
False
Let s(t) = 287*t - 3570. Is s(13) composite?
True
Let m be (-1 + 0)*(150 - 1). Let w(i) = 14*i - 288. Let k be w(-44). Let t = m - k. Is t prime?
False
Let v(z) = -104*z + 3. Let r be v(5). Suppose 2*u = 4*u - 5*k + 1845, 0 = -5*u + k - 4647. Let s = r - u. Is s a composite number?
True
Let r = 1225860 - 660101. Is r a prime number?
False
Suppose 4576031 = 146*o + 912453. Is o composite?
True
Let i(s) = 628*s + 7. Let b be i(1). Suppose b + 541 = 4*y + d, 3*y = 5*d + 905. Is y composite?
True
Let x = -721 - -706. Let k(a) = 3*a**2 + 10*a + 9*a + 2*a + 22. Is k(x) a prime number?
False
Suppose -43302 = -2*o - 6052. Suppose o + 7243 = 4*c - 4*s, c - 6471 = -s. Is c composite?
False
Suppose 34*d = 31*d + 3. Is ((-4365)/(-11) + 12/66)/d a composite number?
False
Suppose -5442 = -19*r - 388. Let q = r + 663. Is q composite?
False
Suppose -333552 = -2*y + 2*f, 7*f = 10*f + 15. Is y a prime number?
False
Let p be (-367 - -6)*1 + 5. Is 5 + (-60)/50*(1 + p) a prime number?
True
Let p(l) = -12656*l**3 - l**2 + 92*l + 92. Is p(-1) a composite number?
True
Is ((-859276692)/171)/(-2) - 12/(-228) composite?
True
Suppose 165*y + 4*y + 142643 = 399016. Is y prime?
False
Is (-2)/5 - (-353178971)/1765 a prime number?
False
Let u be ((-30)/(-35))/((-6)/21). Let b(n) = 53*n**2 - 4*n - 4. Is b(u) a prime number?
False
Let z(y) = -231*y + 28. Let n be z(11). Let l be (2 - n/2)/((-1)/(-6)). Is 2/(-5) - l/(-15) composite?
False
Is (-11)/3 - (-571540)/123 a composite number?
False
Let l(s) = 1093*s - 5710. Is l(137) a composite number?
False
Let o = 302039 + -154432. Is o a prime number?
True
Suppose 4*l = -2*l - 8*l + 90006. Is l prime?
False
Suppose -r + 2*n = 3409 - 277764, 548665 = 2*r + 5*n. Is r composite?
True
Let d = -988 + 66. Let p = -378 - d. Suppose 797 = 3*s + 2*n, -2*s + 7*n + p = 2*n. Is s composite?
True
Suppose -111811 - 4839 = -5*n. Suppose -8*q - n = -18*q. Is q prime?
True
Let s(u) = -883*u - 20. Let g be s(-6). Suppose -4*t + g = 2*d, -6598 = -5*t - 4*d + d. Is t composite?
False
Suppose n = f - 902215 + 138113, n = 4*f - 3056417. Is f a prime number?
False
Let j(a) = 984*a**3 - 9*a**2 + 26*a - 317. Is j(8) a composite number?
False
Let p(r) = -483763*r + 759. Is p(-1) composite?
True
Suppose -54480 - 591184 = -15*p + 272231. Is p a composite number?
True
Suppose 23*i = 9*i + 28. Suppose -2*a + 4*k - 1 = -a, -i*k - 17 = 3*a. Let s(u) = -531*u - 26. Is s(a) prime?
False
Let f = 94752 + 12186. Suppose -10*q + 19*q - f = 0. Let g = -7893 + q. Is g a prime number?
True
Suppose 12*u = -5*u + 23749. Let l = 8465 + u. Is l a prime number?
False
Suppose 2*q - 2448 = 11*q. Is 149002/22 - (q/44 + 6) composite?
True
Suppose -119662 + 892468 = 6*b. Is b composite?
True
Suppose 237760 = 1193*y - 1189*y - 2*c, -5*y + 2*c + 297199 = 0. Is y a composite number?
True
Suppose 88129 = 38*b - 149257. Suppose -4*v + 6344 = 3*g - 18644, -v + b = 3*g. Is v composite?
False
Let m = -8594 + 9416. Suppose 3*o = 3*x - 0*x - 129, -2*o - 86 = -3*x. Let j = m - o. Is j a prime number?
False
Let v be (-8)/36 - (-924)/27. Let d = 64 - v. Suppose -c = -5*g + c + 27, 0 = 2*g + 4*c - d. Is g prime?
True
Suppose 4*i - 10235 = -5*r + 9*i, 0 = r - 5*i - 2039. Suppose -r = 4*y - 6325. Is y a composite number?
False
Suppose -3*o - 5*k = -16, -5*o + 10 = -2*o + 2*k. Let v(b) = 4390*b**2 + 6*b - 5. Is v(o) a composite number?
True
Suppose 2*b = c + 1282 + 1410, 3*c = -2*b + 2684. Is b a prime number?
False
Let b(x) = 362*x**3 + 4*x**2 - 3*x + 7. Suppose w + p + 6 = 3*w, -22 = -4*w - 3*p. Is b(w) a prime number?
True
Let k(i) = 56*i**2 + 9*i - 13. Let t be k(2). Suppose -223*f - 31662 = -t*f. Is f a prime number?
False
Suppose 0 = -6*h + h + 15, 0 = k - 3*h - 1445. Suppose -5*f - z + 2365 = 4*z, 3*f - 4*z = k. Is f composite?
True
Let c be 9*(-3)/(-18)*(1 + -3). Let v be c/12 + (6/(-8) - 1). Is (v - (-10757)/9) + (-2)/9 a composite number?
False
Let o(t) = -t**3 + 4*t + 4. Let u be o(-2). Suppose -2*g = -7*s + 2*s + 15, -s + u*g + 3 = 0. Suppose -3*r = -3*z - 1127 - 2320, -s*z - 2296 = -2*r. Is r prime?
True
Let y = -678434 + 1153615. Is y a prime number?
False
Suppose 28*k - 27*k - 4 = 0. Suppose -6*f + 4*p = -8*f + 1830, -2705 = -3*f + k*p. Is f composite?
False
Suppose 6568 = 90*x - 86*x. Is x/((-4 + 6)*1) a composite number?
False
Let u(d) = 11 - 8*d**2 + 25*d + 27*d**2 - 6*d**2. I